{"id":899,"date":"2011-06-30T15:52:58","date_gmt":"2011-06-30T15:52:58","guid":{"rendered":"http:\/\/www.flym.fr\/bd\/"},"modified":"2016-03-18T14:57:38","modified_gmt":"2016-03-18T14:57:38","slug":"autobiographie-a-la-3eme-personne","status":"publish","type":"page","link":"https:\/\/www.flym.fr\/bd\/textes\/autobiographie-a-la-3eme-personne\/","title":{"rendered":"Autobiographie \u00e0 la 3\u00e8me personne"},"content":{"rendered":"<p style=\"margin-left: 40px; text-align: center;\"><strong>Autobiographie \u00e0 la 3\u00e8me personne<\/strong><\/p>\n<p style=\"margin-left: 40px; text-align: justify;\"><img loading=\"lazy\" class=\"alignnone size-full wp-image-900\" title=\"dessinavat\" src=\"http:\/\/www.flym.fr\/bd\/wp-content\/uploads\/2011\/06\/dessinavat.jpg\" alt=\"\" width=\"172\" height=\"202\" \/><span style=\"font-size: 14px;\">Flym est grand (surtout debout), beau (surtout dans le noir), sympathique (surtout quand il a mang\u00e9), dr\u00f4le (surtout quand il fait du bricolage chez lui) et m\u00e9galo (surtout quand il fait son autobiographie \u00e0 la 3eme personne).<\/span><\/p>\n<p style=\"margin-left: 40px; text-align: justify;\"><span style=\"font-size: 14px;\"><strong>Flym <\/strong>a grandi dans une cabane isol\u00e9e, dans une for\u00eat, et n\u2019avait pour amis, que ses chiens. Ah il se souvient encore des grandes discussions politiques avec son berger allemand, les jeux d\u2019\u00e9checs avec son labrador, et les parties de catch avec la ch\u00e8vre de monsieur Seguin.<\/span><\/p>\n<p style=\"margin-left: 40px; text-align: justify;\"><span style=\"font-size: 14px;\">Il y avait une cabane en pierre pour le salon, une cabane en bois pour les chambres, et une cabane en taule pour les toilettes 50 m\u00e8tres plus loin (rien \u00e0 voir avec les 3 petits cochons). C\u2019\u00e9tait pas toujours pratique les toilettes \u00e0 50 m\u00e8tres : t\u2019es dans le salon, il pleut, la pluie qui coule te donne envie de pisser, mais tu peux pas y aller, il pleut !<\/span><\/p>\n<p style=\"margin-left: 40px; text-align: justify;\"><span style=\"font-size: 14px;\">Ensuite rien d\u2019exceptionnelle, 182 de Q.I. \u00e0 7 ans, prix Goncourt \u00e0 9 ans, prix Nobel \u00e0 11, le juste prix \u00e0 12 ans. Puis un jour, apr\u00e8s un choc t\u00e9l\u00e9visuel, il a laiss\u00e9 sa tranche de cerveau disponible \u00e0 TF1 et n\u2019a utilis\u00e9 le reste que pour dire des conneries.<\/span><\/p>\n<div id=\"fb_share_1\" style=\"float: right; margin-left: 10px;\"><a name=\"fb_share\" type=\"box_count\" share_url=\"https:\/\/www.flym.fr\/bd\/textes\/autobiographie-a-la-3eme-personne\/\" href=\"http:\/\/www.facebook.com\/sharer.php\">Share<\/a><\/div><div><script src=\"http:\/\/static.ak.fbcdn.net\/connect.php\/js\/FB.Share\" type=\"text\/javascript\"><\/script><\/div>","protected":false},"excerpt":{"rendered":"<p>Autobiographie \u00e0 la 3\u00e8me personne Flym est grand (surtout debout), beau (surtout dans le noir), sympathique (surtout quand il a mang\u00e9), dr\u00f4le (surtout quand il fait du bricolage chez lui) et m\u00e9galo (surtout quand il fait son autobiographie \u00e0 la 3eme personne). Flym a grandi dans une cabane isol\u00e9e, dans une for\u00eat, et n\u2019avait pour [&hellip;]<\/p>\n","protected":false},"author":1,"featured_media":0,"parent":864,"menu_order":0,"comment_status":"open","ping_status":"open","template":"page-PageTemplate4.php","meta":{"_et_pb_use_builder":"","_et_pb_old_content":"","_et_gb_content_width":""},"yoast_head":"<!-- This site is optimized with the Yoast SEO plugin v19.4 - https:\/\/yoast.com\/wordpress\/plugins\/seo\/ -->\n<title>Autobiographie \u00e0 la 3\u00e8me personne - Flym, dessin d&#039;humour, blog bd humour, humour noir<\/title>\n<meta name=\"robots\" content=\"index, follow, max-snippet:-1, max-image-preview:large, max-video-preview:-1\" \/>\n<link rel=\"canonical\" href=\"https:\/\/www.flym.fr\/bd\/textes\/autobiographie-a-la-3eme-personne\/\" \/>\n<meta property=\"og:locale\" content=\"fr_FR\" \/>\n<meta property=\"og:type\" content=\"article\" \/>\n<meta property=\"og:title\" content=\"Autobiographie \u00e0 la 3\u00e8me personne - Flym, dessin d&#039;humour, blog bd humour, humour noir\" \/>\n<meta property=\"og:description\" content=\"Autobiographie \u00e0 la 3\u00e8me personne Flym est grand (surtout debout), beau (surtout dans le noir), sympathique (surtout quand il a mang\u00e9), dr\u00f4le (surtout quand il fait du bricolage chez lui) et m\u00e9galo (surtout quand il fait son autobiographie \u00e0 la 3eme personne). Flym a grandi dans une cabane isol\u00e9e, dans une for\u00eat, et n\u2019avait pour [&hellip;]\" \/>\n<meta property=\"og:url\" content=\"https:\/\/www.flym.fr\/bd\/textes\/autobiographie-a-la-3eme-personne\/\" \/>\n<meta property=\"og:site_name\" content=\"Flym, dessin d&#039;humour, blog bd humour, humour noir\" \/>\n<meta property=\"article:modified_time\" content=\"2016-03-18T14:57:38+00:00\" \/>\n<meta property=\"og:image\" content=\"http:\/\/www.flym.fr\/bd\/wp-content\/uploads\/2011\/06\/dessinavat.jpg\" \/>\n<meta name=\"twitter:card\" content=\"summary\" \/>\n<meta name=\"twitter:label1\" content=\"Dur\u00e9e de lecture estim\u00e9e\" \/>\n\t<meta name=\"twitter:data1\" content=\"1 minute\" \/>\n<script type=\"application\/ld+json\" class=\"yoast-schema-graph\">{\"@context\":\"https:\/\/schema.org\",\"@graph\":[{\"@type\":\"WebSite\",\"@id\":\"https:\/\/www.flym.fr\/bd\/#website\",\"url\":\"https:\/\/www.flym.fr\/bd\/\",\"name\":\"Flym, dessin d&#039;humour, blog bd humour, humour noir\",\"description\":\"\",\"potentialAction\":[{\"@type\":\"SearchAction\",\"target\":{\"@type\":\"EntryPoint\",\"urlTemplate\":\"https:\/\/www.flym.fr\/bd\/?s={search_term_string}\"},\"query-input\":\"required name=search_term_string\"}],\"inLanguage\":\"fr-FR\"},{\"@type\":\"WebPage\",\"@id\":\"https:\/\/www.flym.fr\/bd\/textes\/autobiographie-a-la-3eme-personne\/\",\"url\":\"https:\/\/www.flym.fr\/bd\/textes\/autobiographie-a-la-3eme-personne\/\",\"name\":\"Autobiographie \u00e0 la 3\u00e8me personne - Flym, dessin d&#039;humour, blog bd humour, humour noir\",\"isPartOf\":{\"@id\":\"https:\/\/www.flym.fr\/bd\/#website\"},\"datePublished\":\"2011-06-30T15:52:58+00:00\",\"dateModified\":\"2016-03-18T14:57:38+00:00\",\"breadcrumb\":{\"@id\":\"https:\/\/www.flym.fr\/bd\/textes\/autobiographie-a-la-3eme-personne\/#breadcrumb\"},\"inLanguage\":\"fr-FR\",\"potentialAction\":[{\"@type\":\"ReadAction\",\"target\":[\"https:\/\/www.flym.fr\/bd\/textes\/autobiographie-a-la-3eme-personne\/\"]}]},{\"@type\":\"BreadcrumbList\",\"@id\":\"https:\/\/www.flym.fr\/bd\/textes\/autobiographie-a-la-3eme-personne\/#breadcrumb\",\"itemListElement\":[{\"@type\":\"ListItem\",\"position\":1,\"name\":\"Accueil\",\"item\":\"https:\/\/www.flym.fr\/bd\/\"},{\"@type\":\"ListItem\",\"position\":2,\"name\":\"Textes\",\"item\":\"https:\/\/www.flym.fr\/bd\/textes\/\"},{\"@type\":\"ListItem\",\"position\":3,\"name\":\"Autobiographie \u00e0 la 3\u00e8me personne\"}]}]}<\/script>\n<!-- \/ Yoast SEO plugin. -->","yoast_head_json":{"title":"Autobiographie \u00e0 la 3\u00e8me personne - Flym, dessin d&#039;humour, blog bd humour, humour noir","robots":{"index":"index","follow":"follow","max-snippet":"max-snippet:-1","max-image-preview":"max-image-preview:large","max-video-preview":"max-video-preview:-1"},"canonical":"https:\/\/www.flym.fr\/bd\/textes\/autobiographie-a-la-3eme-personne\/","og_locale":"fr_FR","og_type":"article","og_title":"Autobiographie \u00e0 la 3\u00e8me personne - Flym, dessin d&#039;humour, blog bd humour, humour noir","og_description":"Autobiographie \u00e0 la 3\u00e8me personne Flym est grand (surtout debout), beau (surtout dans le noir), sympathique (surtout quand il a mang\u00e9), dr\u00f4le (surtout quand il fait du bricolage chez lui) et m\u00e9galo (surtout quand il fait son autobiographie \u00e0 la 3eme personne). Flym a grandi dans une cabane isol\u00e9e, dans une for\u00eat, et n\u2019avait pour [&hellip;]","og_url":"https:\/\/www.flym.fr\/bd\/textes\/autobiographie-a-la-3eme-personne\/","og_site_name":"Flym, dessin d&#039;humour, blog bd humour, humour noir","article_modified_time":"2016-03-18T14:57:38+00:00","og_image":[{"url":"http:\/\/www.flym.fr\/bd\/wp-content\/uploads\/2011\/06\/dessinavat.jpg"}],"twitter_card":"summary","twitter_misc":{"Dur\u00e9e de lecture estim\u00e9e":"1 minute"},"schema":{"@context":"https:\/\/schema.org","@graph":[{"@type":"WebSite","@id":"https:\/\/www.flym.fr\/bd\/#website","url":"https:\/\/www.flym.fr\/bd\/","name":"Flym, dessin d&#039;humour, blog bd humour, humour noir","description":"","potentialAction":[{"@type":"SearchAction","target":{"@type":"EntryPoint","urlTemplate":"https:\/\/www.flym.fr\/bd\/?s={search_term_string}"},"query-input":"required name=search_term_string"}],"inLanguage":"fr-FR"},{"@type":"WebPage","@id":"https:\/\/www.flym.fr\/bd\/textes\/autobiographie-a-la-3eme-personne\/","url":"https:\/\/www.flym.fr\/bd\/textes\/autobiographie-a-la-3eme-personne\/","name":"Autobiographie \u00e0 la 3\u00e8me personne - Flym, dessin d&#039;humour, blog bd humour, humour noir","isPartOf":{"@id":"https:\/\/www.flym.fr\/bd\/#website"},"datePublished":"2011-06-30T15:52:58+00:00","dateModified":"2016-03-18T14:57:38+00:00","breadcrumb":{"@id":"https:\/\/www.flym.fr\/bd\/textes\/autobiographie-a-la-3eme-personne\/#breadcrumb"},"inLanguage":"fr-FR","potentialAction":[{"@type":"ReadAction","target":["https:\/\/www.flym.fr\/bd\/textes\/autobiographie-a-la-3eme-personne\/"]}]},{"@type":"BreadcrumbList","@id":"https:\/\/www.flym.fr\/bd\/textes\/autobiographie-a-la-3eme-personne\/#breadcrumb","itemListElement":[{"@type":"ListItem","position":1,"name":"Accueil","item":"https:\/\/www.flym.fr\/bd\/"},{"@type":"ListItem","position":2,"name":"Textes","item":"https:\/\/www.flym.fr\/bd\/textes\/"},{"@type":"ListItem","position":3,"name":"Autobiographie \u00e0 la 3\u00e8me personne"}]}]}},"_links":{"self":[{"href":"https:\/\/www.flym.fr\/bd\/wp-json\/wp\/v2\/pages\/899"}],"collection":[{"href":"https:\/\/www.flym.fr\/bd\/wp-json\/wp\/v2\/pages"}],"about":[{"href":"https:\/\/www.flym.fr\/bd\/wp-json\/wp\/v2\/types\/page"}],"author":[{"embeddable":true,"href":"https:\/\/www.flym.fr\/bd\/wp-json\/wp\/v2\/users\/1"}],"replies":[{"embeddable":true,"href":"https:\/\/www.flym.fr\/bd\/wp-json\/wp\/v2\/comments?post=899"}],"version-history":[{"count":9,"href":"https:\/\/www.flym.fr\/bd\/wp-json\/wp\/v2\/pages\/899\/revisions"}],"predecessor-version":[{"id":2951,"href":"https:\/\/www.flym.fr\/bd\/wp-json\/wp\/v2\/pages\/899\/revisions\/2951"}],"up":[{"embeddable":true,"href":"https:\/\/www.flym.fr\/bd\/wp-json\/wp\/v2\/pages\/864"}],"wp:attachment":[{"href":"https:\/\/www.flym.fr\/bd\/wp-json\/wp\/v2\/media?parent=899"}],"curies":[{"name":"wp","href":"https:\/\/api.w.org\/{rel}","templated":true}]}}

Autobiographie à la 3ème personne

<p style="margin-left: 40px; text-align: center;"><strong>Autobiographie à la 3ème personne</strong></p>
<p style="margin-left: 40px; text-align: justify;"><img loading="lazy" class="alignnone size-full wp-image-900" title="dessinavat" src="http://www.flym.fr/bd/wp-content/uploads/2011/06/dessinavat.jpg" alt="" width="172" height="202" /><span style="font-size: 14px;">Flym est grand (surtout debout), beau (surtout dans le noir), sympathique (surtout quand il a mangé), drôle (surtout quand il fait du bricolage chez lui) et mégalo (surtout quand il fait son autobiographie à la 3eme personne).</span></p>
<p style="margin-left: 40px; text-align: justify;"><span style="font-size: 14px;"><strong>Flym </strong>a grandi dans une cabane isolée, dans une forêt, et n’avait pour amis, que ses chiens. Ah il se souvient encore des grandes discussions politiques avec son berger allemand, les jeux d’échecs avec son labrador, et les parties de catch avec la chèvre de monsieur Seguin.</span></p>
<p style="margin-left: 40px; text-align: justify;"><span style="font-size: 14px;">Il y avait une cabane en pierre pour le salon, une cabane en bois pour les chambres, et une cabane en taule pour les toilettes 50 mètres plus loin (rien à voir avec les 3 petits cochons). C’était pas toujours pratique les toilettes à 50 mètres : t’es dans le salon, il pleut, la pluie qui coule te donne envie de pisser, mais tu peux pas y aller, il pleut !</span></p>
<p style="margin-left: 40px; text-align: justify;"><span style="font-size: 14px;">Ensuite rien d’exceptionnelle, 182 de Q.I. à 7 ans, prix Goncourt à 9 ans, prix Nobel à 11, le juste prix à 12 ans. Puis un jour, après un choc télévisuel, il a laissé sa tranche de cerveau disponible à TF1 et n’a utilisé le reste que pour dire des conneries.</span></p>
<div id="fb_share_1" style="float: right; margin-left: 10px;"><a name="fb_share" type="box_count" share_url="https://www.flym.fr/bd/textes/autobiographie-a-la-3eme-personne/" href="http://www.facebook.com/sharer.php">Share</a></div><div><script src="http://static.ak.fbcdn.net/connect.php/js/FB.Share" type="text/javascript"></script></div>

<p>Autobiographie à la 3ème personne Flym est grand (surtout debout), beau (surtout dans le noir), sympathique (surtout quand il a mangé), drôle (surtout quand il fait du bricolage chez lui) et mégalo (surtout quand il fait son autobiographie à la 3eme personne). Flym a grandi dans une cabane isolée, dans une forêt, et n’avait pour [&hellip;]</p>

<!-- This site is optimized with the Yoast SEO plugin v19.4 - https://yoast.com/wordpress/plugins/seo/ -->
<title>Autobiographie à la 3ème personne - Flym, dessin d&#039;humour, blog bd humour, humour noir</title>
<meta name="robots" content="index, follow, max-snippet:-1, max-image-preview:large, max-video-preview:-1" />
<link rel="canonical" href="https://www.flym.fr/bd/textes/autobiographie-a-la-3eme-personne/" />
<meta property="og:locale" content="fr_FR" />
<meta property="og:type" content="article" />
<meta property="og:title" content="Autobiographie à la 3ème personne - Flym, dessin d&#039;humour, blog bd humour, humour noir" />
<meta property="og:description" content="Autobiographie à la 3ème personne Flym est grand (surtout debout), beau (surtout dans le noir), sympathique (surtout quand il a mangé), drôle (surtout quand il fait du bricolage chez lui) et mégalo (surtout quand il fait son autobiographie à la 3eme personne). Flym a grandi dans une cabane isolée, dans une forêt, et n’avait pour [&hellip;]" />
<meta property="og:url" content="https://www.flym.fr/bd/textes/autobiographie-a-la-3eme-personne/" />
<meta property="og:site_name" content="Flym, dessin d&#039;humour, blog bd humour, humour noir" />
<meta property="article:modified_time" content="2016-03-18T14:57:38+00:00" />
<meta property="og:image" content="http://www.flym.fr/bd/wp-content/uploads/2011/06/dessinavat.jpg" />
<meta name="twitter:card" content="summary" />
<meta name="twitter:label1" content="Durée de lecture estimée" />
	<meta name="twitter:data1" content="1 minute" />
<script type="application/ld+json" class="yoast-schema-graph">{"@context":"https://schema.org","@graph":[{"@type":"WebSite","@id":"https://www.flym.fr/bd/#website","url":"https://www.flym.fr/bd/","name":"Flym, dessin d&#039;humour, blog bd humour, humour noir","description":"","potentialAction":[{"@type":"SearchAction","target":{"@type":"EntryPoint","urlTemplate":"https://www.flym.fr/bd/?s={search_term_string}"},"query-input":"required name=search_term_string"}],"inLanguage":"fr-FR"},{"@type":"WebPage","@id":"https://www.flym.fr/bd/textes/autobiographie-a-la-3eme-personne/","url":"https://www.flym.fr/bd/textes/autobiographie-a-la-3eme-personne/","name":"Autobiographie à la 3ème personne - Flym, dessin d&#039;humour, blog bd humour, humour noir","isPartOf":{"@id":"https://www.flym.fr/bd/#website"},"datePublished":"2011-06-30T15:52:58+00:00","dateModified":"2016-03-18T14:57:38+00:00","breadcrumb":{"@id":"https://www.flym.fr/bd/textes/autobiographie-a-la-3eme-personne/#breadcrumb"},"inLanguage":"fr-FR","potentialAction":[{"@type":"ReadAction","target":["https://www.flym.fr/bd/textes/autobiographie-a-la-3eme-personne/"]}]},{"@type":"BreadcrumbList","@id":"https://www.flym.fr/bd/textes/autobiographie-a-la-3eme-personne/#breadcrumb","itemListElement":[{"@type":"ListItem","position":1,"name":"Accueil","item":"https://www.flym.fr/bd/"},{"@type":"ListItem","position":2,"name":"Textes","item":"https://www.flym.fr/bd/textes/"},{"@type":"ListItem","position":3,"name":"Autobiographie à la 3ème personne"}]}]}</script>
<!-- / Yoast SEO plugin. -->

Autobiographie à la 3ème personne - Flym, dessin d&#039;humour, blog bd humour, humour noir

Autobiographie à la 3ème personne Flym est grand (surtout debout), beau (surtout dans le noir), sympathique (surtout quand il a mangé), drôle (surtout quand il fait du bricolage chez lui) et mégalo (surtout quand il fait son autobiographie à la 3eme personne). Flym a grandi dans une cabane isolée, dans une forêt, et n’avait pour [&hellip;]
